{"id":29,"date":"2025-11-13T10:40:55","date_gmt":"2025-11-13T10:40:55","guid":{"rendered":"https:\/\/boas.bergerweb.ch\/?page_id=29"},"modified":"2025-11-13T13:50:58","modified_gmt":"2025-11-13T13:50:58","slug":"minecraft","status":"publish","type":"page","link":"https:\/\/boas.bergerweb.ch\/?page_id=29","title":{"rendered":"Minecraft"},"content":{"rendered":"\n<p>Ich spiele schon etwa 7 j\u00e4hre Minecraft<\/p>\n\n\n\n<p>Die Beste Abk\u00fcrzung f\u00fcr Minecraft ist = Mine<\/p>\n\n\n\n<p><strong>wichtig:<\/strong><\/p>\n\n\n\n<p>Wenn du in einer Welt spawn`st solltest du zuerst holz abbauen danach direkt volles steinwerckzeug craften.<\/p>\n\n\n\n<p>Monster: <\/p>\n\n\n\n<p>Es gibt viele verschiedene arten von Monstern zum Beispiel.<\/p>\n\n\n\n<p><\/p>\n\n\n\n<p><strong>In der Overworld: <\/strong><\/p>\n\n\n\n<p>Creeper, Spinnen, Zombie, Skelette, Enderman, Slime, Ertrunkener, Hexe, W\u00fcstenzombie und Walden<\/p>\n\n\n\n<p><strong>Im Neder:<\/strong> Magmaslime, Hoglin, Wither, Barbare, Enderman, Zoglin, Lore, Witherskellet, Gast und Piglins<\/p>\n\n\n\n<p><strong>Im Ende:<\/strong> Enderman, Enderdrache, Shulker und Ender-mite<\/p>\n\n\n\n<p>Das wertvollste Item in ganz Minecraft ist das Enderdrachen-Ei.<\/p>\n\n\n\n<p>Das bekommt man vom Enderdrachen.<\/p>\n","protected":false},"excerpt":{"rendered":"<p>Ich spiele schon etwa 7 j\u00e4hre Minecraft Die Beste Abk\u00fcrzung f\u00fcr Minecraft ist = Mine wichtig: Wenn du in einer Welt spawn`st solltest du zuerst holz abbauen danach direkt volles steinwerckzeug craften. Monster: Es gibt viele verschiedene arten von Monstern zum Beispiel. In der Overworld: Creeper, Spinnen, Zombie, Skelette, Enderman, Slime, Ertrunkener, Hexe, W\u00fcstenzombie und [&hellip;]<\/p>\n","protected":false},"author":1,"featured_media":0,"parent":0,"menu_order":0,"comment_status":"closed","ping_status":"closed","template":"","meta":{"footnotes":""},"class_list":["post-29","page","type-page","status-publish","hentry"],"_links":{"self":[{"href":"https:\/\/boas.bergerweb.ch\/index.php?rest_route=\/wp\/v2\/pages\/29","targetHints":{"allow":["GET"]}}],"collection":[{"href":"https:\/\/boas.bergerweb.ch\/index.php?rest_route=\/wp\/v2\/pages"}],"about":[{"href":"https:\/\/boas.bergerweb.ch\/index.php?rest_route=\/wp\/v2\/types\/page"}],"author":[{"embeddable":true,"href":"https:\/\/boas.bergerweb.ch\/index.php?rest_route=\/wp\/v2\/users\/1"}],"replies":[{"embeddable":true,"href":"https:\/\/boas.bergerweb.ch\/index.php?rest_route=%2Fwp%2Fv2%2Fcomments&post=29"}],"version-history":[{"count":4,"href":"https:\/\/boas.bergerweb.ch\/index.php?rest_route=\/wp\/v2\/pages\/29\/revisions"}],"predecessor-version":[{"id":56,"href":"https:\/\/boas.bergerweb.ch\/index.php?rest_route=\/wp\/v2\/pages\/29\/revisions\/56"}],"wp:attachment":[{"href":"https:\/\/boas.bergerweb.ch\/index.php?rest_route=%2Fwp%2Fv2%2Fmedia&parent=29"}],"curies":[{"name":"wp","href":"https:\/\/api.w.org\/{rel}","templated":true}]}}